{"id":15516,"date":"2025-11-14T14:27:23","date_gmt":"2025-11-14T14:27:23","guid":{"rendered":"https:\/\/www.casadocontroleremoto.com.br\/atacado\/?post_type=product&#038;p=15516"},"modified":"2025-11-14T14:42:20","modified_gmt":"2025-11-14T14:42:20","slug":"cr-3394-controle-remoto-copiador-portao-automatico-porta-de-aco-433mhz","status":"publish","type":"product","link":"https:\/\/www.casadocontroleremoto.com.br\/atacado\/produto\/cr-3394-controle-remoto-copiador-portao-automatico-porta-de-aco-433mhz\/","title":{"rendered":"CR-3394 Controle Remoto Copiador Port\u00e3o Autom\u00e1tico\/Porta de A\u00e7o 433MHz LE-7001-3"},"content":{"rendered":"<p>Controle Remoto Copiador Port\u00e3o Autom\u00e1tico\/Porta de A\u00e7o 433MHz LE-7001-3<\/p>\n<p>N\u00c3O \u00c9 COMPAT\u00cdVEL COM ROSSI E PECCININ<\/p>\n<p>Compat\u00edvel com porta de a\u00e7o APENAS SINAL VERMELHO.<\/p>\n<p>SUGEST\u00d5ES DE USO: Alarme residencial, controle de acesso, alarme de intrus\u00e3o, persianas autom\u00e1ticas.<\/p>\n<p>***instru\u00e7\u00f5es na embalagem***<\/p>\n","protected":false},"excerpt":{"rendered":"<p>Controle Remoto Copiador Port\u00e3o Autom\u00e1tico\/Porta de A\u00e7o 433MHz LE-7001-3 N\u00c3O \u00c9 COMPAT\u00cdVEL COM ROSSI E PECCININ Compat\u00edvel com porta de a\u00e7o APENAS SINAL VERMELHO. SUGEST\u00d5ES DE USO: Alarme residencial, controle de acesso, alarme de intrus\u00e3o, persianas autom\u00e1ticas. ***instru\u00e7\u00f5es na embalagem***<\/p>\n","protected":false},"featured_media":15517,"comment_status":"open","ping_status":"closed","template":"","meta":{"_et_pb_use_builder":"","_et_pb_old_content":"","_et_gb_content_width":""},"product_brand":[],"product_cat":[274,271],"product_tag":[],"class_list":{"0":"post-15516","1":"product","2":"type-product","3":"status-publish","4":"has-post-thumbnail","6":"product_cat-portao","7":"product_cat-universal-2","9":"first","10":"instock","11":"shipping-taxable","12":"purchasable","13":"product-type-simple"},"aioseo_notices":[],"_links":{"self":[{"href":"https:\/\/www.casadocontroleremoto.com.br\/atacado\/wp-json\/wp\/v2\/product\/15516","targetHints":{"allow":["GET"]}}],"collection":[{"href":"https:\/\/www.casadocontroleremoto.com.br\/atacado\/wp-json\/wp\/v2\/product"}],"about":[{"href":"https:\/\/www.casadocontroleremoto.com.br\/atacado\/wp-json\/wp\/v2\/types\/product"}],"replies":[{"embeddable":true,"href":"https:\/\/www.casadocontroleremoto.com.br\/atacado\/wp-json\/wp\/v2\/comments?post=15516"}],"wp:featuredmedia":[{"embeddable":true,"href":"https:\/\/www.casadocontroleremoto.com.br\/atacado\/wp-json\/wp\/v2\/media\/15517"}],"wp:attachment":[{"href":"https:\/\/www.casadocontroleremoto.com.br\/atacado\/wp-json\/wp\/v2\/media?parent=15516"}],"wp:term":[{"taxonomy":"product_brand","embeddable":true,"href":"https:\/\/www.casadocontroleremoto.com.br\/atacado\/wp-json\/wp\/v2\/product_brand?post=15516"},{"taxonomy":"product_cat","embeddable":true,"href":"https:\/\/www.casadocontroleremoto.com.br\/atacado\/wp-json\/wp\/v2\/product_cat?post=15516"},{"taxonomy":"product_tag","embeddable":true,"href":"https:\/\/www.casadocontroleremoto.com.br\/atacado\/wp-json\/wp\/v2\/product_tag?post=15516"}],"curies":[{"name":"wp","href":"https:\/\/api.w.org\/{rel}","templated":true}]}}