{"id":15520,"date":"2025-11-14T14:40:51","date_gmt":"2025-11-14T14:40:51","guid":{"rendered":"https:\/\/www.casadocontroleremoto.com.br\/atacado\/?post_type=product&#038;p=15520"},"modified":"2025-11-14T14:44:09","modified_gmt":"2025-11-14T14:44:09","slug":"cr-3395-controle-remoto-copiador-portao-automatico-porta-de-aco-433mhz-le-7001","status":"publish","type":"product","link":"https:\/\/www.casadocontroleremoto.com.br\/atacado\/produto\/cr-3395-controle-remoto-copiador-portao-automatico-porta-de-aco-433mhz-le-7001\/","title":{"rendered":"CR-3395 Controle Remoto Copiador Port\u00e3o Autom\u00e1tico\/Porta de A\u00e7o 433MHz LE-7001"},"content":{"rendered":"<p>Controle Remoto Copiador Port\u00e3o Autom\u00e1tico\/Porta de A\u00e7o 433MHz LE-7001<\/p>\n<p>N\u00c3O \u00c9 COMPAT\u00cdVEL COM ROSSI E PECCININ<\/p>\n<p>Compat\u00edvel com porta de a\u00e7o APENAS SINAL VERMELHO.<\/p>\n<p>SUGEST\u00d5ES DE USO: Alarme residencial, controle de acesso, alarme de intrus\u00e3o, persianas autom\u00e1ticas.<\/p>\n<p>***instru\u00e7\u00f5es na embalagem***<\/p>\n","protected":false},"excerpt":{"rendered":"<p>Controle Remoto Copiador Port\u00e3o Autom\u00e1tico\/Porta de A\u00e7o 433MHz LE-7001 N\u00c3O \u00c9 COMPAT\u00cdVEL COM ROSSI E PECCININ Compat\u00edvel com porta de a\u00e7o APENAS SINAL VERMELHO. SUGEST\u00d5ES DE USO: Alarme residencial, controle de acesso, alarme de intrus\u00e3o, persianas autom\u00e1ticas. ***instru\u00e7\u00f5es na embalagem***<\/p>\n","protected":false},"featured_media":15521,"comment_status":"open","ping_status":"closed","template":"","meta":{"_et_pb_use_builder":"","_et_pb_old_content":"","_et_gb_content_width":""},"product_brand":[],"product_cat":[274,271],"product_tag":[],"class_list":{"0":"post-15520","1":"product","2":"type-product","3":"status-publish","4":"has-post-thumbnail","6":"product_cat-portao","7":"product_cat-universal-2","9":"first","10":"instock","11":"shipping-taxable","12":"purchasable","13":"product-type-simple"},"aioseo_notices":[],"_links":{"self":[{"href":"https:\/\/www.casadocontroleremoto.com.br\/atacado\/wp-json\/wp\/v2\/product\/15520","targetHints":{"allow":["GET"]}}],"collection":[{"href":"https:\/\/www.casadocontroleremoto.com.br\/atacado\/wp-json\/wp\/v2\/product"}],"about":[{"href":"https:\/\/www.casadocontroleremoto.com.br\/atacado\/wp-json\/wp\/v2\/types\/product"}],"replies":[{"embeddable":true,"href":"https:\/\/www.casadocontroleremoto.com.br\/atacado\/wp-json\/wp\/v2\/comments?post=15520"}],"wp:featuredmedia":[{"embeddable":true,"href":"https:\/\/www.casadocontroleremoto.com.br\/atacado\/wp-json\/wp\/v2\/media\/15521"}],"wp:attachment":[{"href":"https:\/\/www.casadocontroleremoto.com.br\/atacado\/wp-json\/wp\/v2\/media?parent=15520"}],"wp:term":[{"taxonomy":"product_brand","embeddable":true,"href":"https:\/\/www.casadocontroleremoto.com.br\/atacado\/wp-json\/wp\/v2\/product_brand?post=15520"},{"taxonomy":"product_cat","embeddable":true,"href":"https:\/\/www.casadocontroleremoto.com.br\/atacado\/wp-json\/wp\/v2\/product_cat?post=15520"},{"taxonomy":"product_tag","embeddable":true,"href":"https:\/\/www.casadocontroleremoto.com.br\/atacado\/wp-json\/wp\/v2\/product_tag?post=15520"}],"curies":[{"name":"wp","href":"https:\/\/api.w.org\/{rel}","templated":true}]}}