{"id":3176,"date":"2016-07-18T16:47:46","date_gmt":"2016-07-18T16:47:46","guid":{"rendered":"http:\/\/www.casadocontroleremoto.com.br\/varejo\/?post_type=product&#038;p=3176"},"modified":"2026-04-22T16:49:01","modified_gmt":"2026-04-22T16:49:01","slug":"cr-3061-p-ar-condicionado-universal","status":"publish","type":"product","link":"https:\/\/www.casadocontroleremoto.com.br\/varejo\/produto\/cr-3061-p-ar-condicionado-universal\/","title":{"rendered":"CR-3061 Ar Condicionado universal 1000 in 1 LE-7429"},"content":{"rendered":"<p>COMPAT\u00cdVEL COM DIVERSAS MARCAS E MODELOS<\/p>\n<p>*ACOMPANHA MANUAL<\/p>\n<p>VERIFICAR MARCA E MODELO DO APARELHO PRA CONFIRMAR SE \u00c9 COMPAT\u00cdVEL<\/p>\n","protected":false},"excerpt":{"rendered":"<p>COMPAT\u00cdVEL COM DIVERSAS MARCAS E MODELOS *ACOMPANHA MANUAL VERIFICAR MARCA E MODELO DO APARELHO PRA CONFIRMAR SE \u00c9 COMPAT\u00cdVEL<\/p>\n","protected":false},"featured_media":10628,"comment_status":"open","ping_status":"closed","template":"","meta":{"_et_pb_use_builder":"","_et_pb_old_content":"","_et_gb_content_width":""},"product_brand":[],"product_cat":[11,103],"product_tag":[],"class_list":{"0":"post-3176","1":"product","2":"type-product","3":"status-publish","4":"has-post-thumbnail","6":"product_cat-paralelos","7":"product_cat-universal","9":"first","10":"instock","11":"shipping-taxable","12":"purchasable","13":"product-type-simple"},"aioseo_notices":[],"_links":{"self":[{"href":"https:\/\/www.casadocontroleremoto.com.br\/varejo\/wp-json\/wp\/v2\/product\/3176","targetHints":{"allow":["GET"]}}],"collection":[{"href":"https:\/\/www.casadocontroleremoto.com.br\/varejo\/wp-json\/wp\/v2\/product"}],"about":[{"href":"https:\/\/www.casadocontroleremoto.com.br\/varejo\/wp-json\/wp\/v2\/types\/product"}],"replies":[{"embeddable":true,"href":"https:\/\/www.casadocontroleremoto.com.br\/varejo\/wp-json\/wp\/v2\/comments?post=3176"}],"wp:featuredmedia":[{"embeddable":true,"href":"https:\/\/www.casadocontroleremoto.com.br\/varejo\/wp-json\/wp\/v2\/media\/10628"}],"wp:attachment":[{"href":"https:\/\/www.casadocontroleremoto.com.br\/varejo\/wp-json\/wp\/v2\/media?parent=3176"}],"wp:term":[{"taxonomy":"product_brand","embeddable":true,"href":"https:\/\/www.casadocontroleremoto.com.br\/varejo\/wp-json\/wp\/v2\/product_brand?post=3176"},{"taxonomy":"product_cat","embeddable":true,"href":"https:\/\/www.casadocontroleremoto.com.br\/varejo\/wp-json\/wp\/v2\/product_cat?post=3176"},{"taxonomy":"product_tag","embeddable":true,"href":"https:\/\/www.casadocontroleremoto.com.br\/varejo\/wp-json\/wp\/v2\/product_tag?post=3176"}],"curies":[{"name":"wp","href":"https:\/\/api.w.org\/{rel}","templated":true}]}}